Last updated on 2022-04-24 03:52:40 CEST.
Flavor | Version | Tinstall | Tcheck | Ttotal | Status | Flags |
---|---|---|---|---|---|---|
r-devel-linux-x86_64-debian-clang | 0.1.0 | 2.97 | 51.77 | 54.74 | OK | |
r-devel-linux-x86_64-debian-gcc | 0.1.0 | 2.41 | 39.05 | 41.46 | OK | |
r-devel-linux-x86_64-fedora-clang | 0.1.0 | 67.21 | NOTE | |||
r-devel-linux-x86_64-fedora-gcc | 0.1.0 | 54.63 | NOTE | |||
r-patched-linux-x86_64 | 0.1.0 | 2.08 | 48.79 | 50.87 | OK | |
r-release-linux-x86_64 | 0.1.0 | 2.64 | 45.88 | 48.52 | OK | |
r-release-macos-arm64 | 0.1.0 | NOTE | ||||
r-release-macos-x86_64 | 0.1.0 | NOTE | ||||
r-release-windows-x86_64 | 0.1.0 | 16.00 | 71.00 | 87.00 | OK | |
r-oldrel-macos-arm64 | 0.1.0 | NOTE | ||||
r-oldrel-macos-x86_64 | 0.1.0 | NOTE | ||||
r-oldrel-windows-ix86+x86_64 | 0.1.0 | 9.00 | 62.00 | 71.00 | OK |
Version: 0.1.0
Check: dependencies in R code
Result: NOTE
Namespaces in Imports field not imported from:
‘badger’ ‘ggplot2’ ‘lubridate’ ‘scales’ ‘xgboost’
All declared Imports should be used.
Flavors: r-devel-linux-x86_64-fedora-clang, r-devel-linux-x86_64-fedora-gcc, r-release-macos-arm64, r-release-macos-x86_64, r-oldrel-macos-arm64, r-oldrel-macos-x86_64