Last updated on 2022-04-24 03:52:40 CEST.
Flavor | Version | Tinstall | Tcheck | Ttotal | Status | Flags |
---|---|---|---|---|---|---|
r-devel-linux-x86_64-debian-clang | 1.2.1 | 15.12 | 122.61 | 137.73 | OK | |
r-devel-linux-x86_64-debian-gcc | 1.2.1 | 13.64 | 89.64 | 103.28 | OK | |
r-devel-linux-x86_64-fedora-clang | 1.2.1 | 167.11 | NOTE | |||
r-devel-linux-x86_64-fedora-gcc | 1.2.1 | 160.07 | NOTE | |||
r-patched-linux-x86_64 | 1.2.1 | 14.79 | 114.78 | 129.57 | OK | |
r-release-linux-x86_64 | 1.2 | 16.03 | 108.41 | 124.44 | OK | |
r-release-macos-arm64 | 1.2 | NOTE | ||||
r-release-macos-x86_64 | 1.2 | NOTE | ||||
r-release-windows-x86_64 | 1.2 | 38.00 | 160.00 | 198.00 | OK | |
r-oldrel-macos-arm64 | 1.2 | NOTE | ||||
r-oldrel-macos-x86_64 | 1.2 | NOTE | ||||
r-oldrel-windows-ix86+x86_64 | 1.2.1 | 37.00 | 168.00 | 205.00 | OK |
Version: 1.2.1
Check: data for non-ASCII characters
Result: NOTE
Note: found 2 marked UTF-8 strings
Flavors: r-devel-linux-x86_64-fedora-clang, r-devel-linux-x86_64-fedora-gcc
Version: 1.2
Check: data for non-ASCII characters
Result: NOTE
Note: found 2 marked UTF-8 strings
Flavors: r-release-macos-arm64, r-release-macos-x86_64, r-oldrel-macos-arm64, r-oldrel-macos-x86_64