Last updated on 2022-04-24 03:52:40 CEST.
Flavor | Version | Tinstall | Tcheck | Ttotal | Status | Flags |
---|---|---|---|---|---|---|
r-devel-linux-x86_64-debian-clang | 1.1.0 | 6.79 | 72.27 | 79.06 | OK | |
r-devel-linux-x86_64-debian-gcc | 1.1.0 | 4.98 | 54.21 | 59.19 | OK | |
r-devel-linux-x86_64-fedora-clang | 1.1.0 | 94.11 | NOTE | |||
r-devel-linux-x86_64-fedora-gcc | 1.1.0 | 80.51 | NOTE | |||
r-patched-linux-x86_64 | 1.1.0 | 5.26 | 67.74 | 73.00 | OK | |
r-release-linux-x86_64 | 1.1.0 | 4.85 | 65.23 | 70.08 | OK | |
r-release-macos-arm64 | 1.1.0 | NOTE | ||||
r-release-macos-x86_64 | 1.1.0 | NOTE | ||||
r-release-windows-x86_64 | 1.1.0 | 22.00 | 92.00 | 114.00 | OK | |
r-oldrel-macos-arm64 | 1.1.0 | NOTE | ||||
r-oldrel-macos-x86_64 | 1.1.0 | NOTE | ||||
r-oldrel-windows-ix86+x86_64 | 1.1.0 | 16.00 | 79.00 | 95.00 | OK |
Version: 1.1.0
Check: dependencies in R code
Result: NOTE
Namespaces in Imports field not imported from:
‘grDevices’ ‘graphics’ ‘utils’
All declared Imports should be used.
Flavors: r-devel-linux-x86_64-fedora-clang, r-devel-linux-x86_64-fedora-gcc, r-release-macos-arm64, r-release-macos-x86_64, r-oldrel-macos-arm64, r-oldrel-macos-x86_64
Version: 1.1.0
Check: data for non-ASCII characters
Result: NOTE
Note: found 6 marked UTF-8 strings
Flavors: r-devel-linux-x86_64-fedora-clang, r-devel-linux-x86_64-fedora-gcc, r-release-macos-arm64, r-release-macos-x86_64, r-oldrel-macos-arm64, r-oldrel-macos-x86_64