Last updated on 2022-04-24 03:52:40 CEST.
Flavor | Version | Tinstall | Tcheck | Ttotal | Status | Flags |
---|---|---|---|---|---|---|
r-devel-linux-x86_64-debian-clang | 0.4.5 | 5.11 | 65.74 | 70.85 | NOTE | |
r-devel-linux-x86_64-debian-gcc | 0.4.5 | 3.81 | 48.23 | 52.04 | NOTE | |
r-devel-linux-x86_64-fedora-clang | 0.4.5 | 81.88 | NOTE | |||
r-devel-linux-x86_64-fedora-gcc | 0.4.5 | 68.00 | NOTE | |||
r-patched-linux-x86_64 | 0.4.5 | 5.49 | 59.29 | 64.78 | NOTE | |
r-release-linux-x86_64 | 0.4.5 | 4.69 | 57.55 | 62.24 | NOTE | |
r-release-macos-arm64 | 0.4.5 | NOTE | ||||
r-release-macos-x86_64 | 0.4.5 | WARN | ||||
r-release-windows-x86_64 | 0.4.5 | 38.00 | 88.00 | 126.00 | NOTE | |
r-oldrel-macos-arm64 | 0.4.5 | NOTE | ||||
r-oldrel-macos-x86_64 | 0.4.5 | WARN | ||||
r-oldrel-windows-ix86+x86_64 | 0.4.5 | 10.00 | 73.00 | 83.00 | NOTE |
Version: 0.4.5
Check: LazyData
Result: NOTE
'LazyData' is specified without a 'data' directory
Flavors: r-devel-linux-x86_64-debian-clang, r-devel-linux-x86_64-debian-gcc, r-devel-linux-x86_64-fedora-clang, r-devel-linux-x86_64-fedora-gcc, r-patched-linux-x86_64, r-release-linux-x86_64, r-release-macos-arm64, r-release-macos-x86_64, r-release-windows-x86_64, r-oldrel-macos-arm64, r-oldrel-macos-x86_64, r-oldrel-windows-ix86+x86_64
Version: 0.4.5
Check: Rd cross-references
Result: NOTE
Undeclared packages ‘tidyfst’, ‘tidyr’, ‘fastDummies’ in Rd xrefs
Flavor: r-devel-linux-x86_64-fedora-clang
Version: 0.4.5
Check: re-building of vignette outputs
Result: WARN
Error(s) in re-building vignettes:
...
--- re-building ‘Introduction.Rmd’ using rmarkdown
Warning in engine$weave(file, quiet = quiet, encoding = enc) :
Pandoc (>= 1.12.3) not available. Falling back to R Markdown v1.
Quitting from lines 113-154 (Introduction.Rmd)
Error: processing vignette 'Introduction.Rmd' failed with diagnostics:
invalid 'path' argument
--- failed re-building ‘Introduction.Rmd’
SUMMARY: processing the following file failed:
‘Introduction.Rmd’
Error: Vignette re-building failed.
Execution halted
Flavors: r-release-macos-x86_64, r-oldrel-macos-x86_64