Last updated on 2022-04-24 03:52:40 CEST.
Flavor | Version | Tinstall | Tcheck | Ttotal | Status | Flags |
---|---|---|---|---|---|---|
r-devel-linux-x86_64-debian-clang | 1.2.1 | 16.74 | 116.55 | 133.29 | OK | |
r-devel-linux-x86_64-debian-gcc | 1.2.1 | 11.45 | 82.80 | 94.25 | OK | |
r-devel-linux-x86_64-fedora-clang | 1.2.1 | 161.26 | OK | |||
r-devel-linux-x86_64-fedora-gcc | 1.2.1 | 142.35 | OK | |||
r-patched-linux-x86_64 | 1.2.1 | 14.02 | 106.00 | 120.02 | NOTE | |
r-release-linux-x86_64 | 1.2.1 | 14.09 | 104.83 | 118.92 | OK | |
r-release-macos-arm64 | 1.2.1 | OK | ||||
r-release-macos-x86_64 | 1.2.1 | OK | ||||
r-release-windows-x86_64 | 1.2.1 | 96.00 | 140.00 | 236.00 | OK | |
r-oldrel-macos-arm64 | 1.2.1 | OK | ||||
r-oldrel-macos-x86_64 | 1.2.1 | OK | ||||
r-oldrel-windows-ix86+x86_64 | 1.2.1 | 35.00 | 180.00 | 215.00 | OK |
Version: 1.2.1
Check: package dependencies
Result: NOTE
Package suggested but not available for checking: ‘NetSwan’
Flavor: r-patched-linux-x86_64