Last updated on 2022-04-24 03:52:40 CEST.
Flavor | Version | Tinstall | Tcheck | Ttotal | Status | Flags |
---|---|---|---|---|---|---|
r-devel-linux-x86_64-debian-clang | 0.5.5 | 8.73 | 138.49 | 147.22 | OK | |
r-devel-linux-x86_64-debian-gcc | 0.5.5 | 7.97 | 101.73 | 109.70 | OK | |
r-devel-linux-x86_64-fedora-clang | 0.5.5 | 172.38 | NOTE | |||
r-devel-linux-x86_64-fedora-gcc | 0.5.5 | 155.24 | NOTE | |||
r-patched-linux-x86_64 | 0.5.5 | 10.94 | 129.56 | 140.50 | OK | |
r-release-linux-x86_64 | 0.5.5 | 7.48 | 126.85 | 134.33 | OK | |
r-release-macos-arm64 | 0.5.5 | NOTE | ||||
r-release-macos-x86_64 | 0.5.5 | NOTE | ||||
r-release-windows-x86_64 | 0.5.5 | 68.00 | 169.00 | 237.00 | OK | |
r-oldrel-macos-arm64 | 0.5.5 | NOTE | ||||
r-oldrel-macos-x86_64 | 0.5.5 | NOTE | ||||
r-oldrel-windows-ix86+x86_64 | 0.5.5 | 20.00 | 156.00 | 176.00 | OK |
Version: 0.5.5
Check: data for non-ASCII characters
Result: NOTE
Note: found 122 marked UTF-8 strings
Flavors: r-devel-linux-x86_64-fedora-clang, r-devel-linux-x86_64-fedora-gcc, r-release-macos-arm64, r-release-macos-x86_64, r-oldrel-macos-arm64, r-oldrel-macos-x86_64