Last updated on 2022-04-24 03:52:40 CEST.
Flavor | Version | Tinstall | Tcheck | Ttotal | Status | Flags |
---|---|---|---|---|---|---|
r-devel-linux-x86_64-debian-clang | 4.1.1 | 2.82 | 41.36 | 44.18 | OK | |
r-devel-linux-x86_64-debian-gcc | 4.1.1 | 2.55 | 32.28 | 34.83 | OK | |
r-devel-linux-x86_64-fedora-clang | 4.1.1 | 54.73 | NOTE | |||
r-devel-linux-x86_64-fedora-gcc | 4.1.1 | 42.78 | NOTE | |||
r-patched-linux-x86_64 | 4.1.1 | 2.57 | 40.55 | 43.12 | OK | |
r-release-linux-x86_64 | 4.1.1 | 3.34 | 38.62 | 41.96 | OK | |
r-release-macos-arm64 | 4.1.1 | NOTE | ||||
r-release-macos-x86_64 | 4.1.1 | NOTE | ||||
r-release-windows-x86_64 | 4.1.1 | 14.00 | 58.00 | 72.00 | OK | |
r-oldrel-macos-arm64 | 4.1.1 | NOTE | ||||
r-oldrel-macos-x86_64 | 4.1.1 | NOTE | ||||
r-oldrel-windows-ix86+x86_64 | 4.1.1 | 7.00 | 49.00 | 56.00 | OK |
Version: 4.1.1
Check: dependencies in R code
Result: NOTE
Namespaces in Imports field not imported from:
‘decorators’ ‘microservices’ ‘usethat’
All declared Imports should be used.
Flavors: r-devel-linux-x86_64-fedora-clang, r-devel-linux-x86_64-fedora-gcc, r-release-macos-arm64, r-release-macos-x86_64, r-oldrel-macos-arm64, r-oldrel-macos-x86_64