Last updated on 2022-04-24 03:52:40 CEST.
Flavor | Version | Tinstall | Tcheck | Ttotal | Status | Flags |
---|---|---|---|---|---|---|
r-devel-linux-x86_64-debian-clang | 0.0.2 | 0.59 | 11.83 | 12.42 | ERROR | |
r-devel-linux-x86_64-debian-gcc | 0.0.2 | 43.61 | 97.76 | 141.37 | OK | |
r-devel-linux-x86_64-fedora-clang | 0.0.2 | 236.56 | NOTE | |||
r-devel-linux-x86_64-fedora-gcc | 0.0.2 | 212.12 | OK | |||
r-patched-linux-x86_64 | 0.0.2 | 40.23 | 123.75 | 163.98 | OK | |
r-release-linux-x86_64 | 0.0.2 | 42.11 | 117.75 | 159.86 | OK | |
r-release-macos-arm64 | 0.0.2 | OK | ||||
r-release-macos-x86_64 | 0.0.2 | OK | ||||
r-release-windows-x86_64 | 0.0.2 | 61.00 | 161.00 | 222.00 | OK | |
r-oldrel-macos-arm64 | 0.0.2 | OK | ||||
r-oldrel-macos-x86_64 | 0.0.2 | OK | ||||
r-oldrel-windows-ix86+x86_64 | 0.0.2 | 120.00 | 204.00 | 324.00 | OK |
Version: 0.0.2
Check: package dependencies
Result: ERROR
Package required but not available: 'mvrsquared'
See section 'The DESCRIPTION file' in the 'Writing R Extensions'
manual.
Flavor: r-devel-linux-x86_64-debian-clang
Version: 0.0.2
Check: Rd cross-references
Result: NOTE
Undeclared package ‘slam’ in Rd xrefs
Flavor: r-devel-linux-x86_64-fedora-clang