Last updated on 2022-04-24 03:52:40 CEST.
Flavor | Version | Tinstall | Tcheck | Ttotal | Status | Flags |
---|---|---|---|---|---|---|
r-devel-linux-x86_64-debian-clang | 1.0.2 | 6.32 | 93.37 | 99.69 | NOTE | |
r-devel-linux-x86_64-debian-gcc | 1.0.2 | 4.58 | 68.74 | 73.32 | NOTE | |
r-devel-linux-x86_64-fedora-clang | 1.0.2 | 118.03 | NOTE | |||
r-devel-linux-x86_64-fedora-gcc | 1.0.2 | 101.60 | NOTE | |||
r-patched-linux-x86_64 | 1.0.2 | 4.96 | 86.22 | 91.18 | NOTE | |
r-release-linux-x86_64 | 1.0.2 | 5.89 | 80.90 | 86.79 | NOTE | |
r-release-macos-arm64 | 1.0.2 | NOTE | ||||
r-release-macos-x86_64 | 1.0.2 | NOTE | ||||
r-release-windows-x86_64 | 1.0.2 | 39.00 | 109.00 | 148.00 | NOTE | |
r-oldrel-macos-arm64 | 1.0.2 | NOTE | ||||
r-oldrel-macos-x86_64 | 1.0.2 | NOTE | ||||
r-oldrel-windows-ix86+x86_64 | 1.0.2 | 18.00 | 100.00 | 118.00 | NOTE |
Version: 1.0.2
Check: LazyData
Result: NOTE
'LazyData' is specified without a 'data' directory
Flavors: r-devel-linux-x86_64-debian-clang, r-devel-linux-x86_64-debian-gcc, r-devel-linux-x86_64-fedora-clang, r-devel-linux-x86_64-fedora-gcc, r-patched-linux-x86_64, r-release-linux-x86_64, r-release-macos-arm64, r-release-macos-x86_64, r-release-windows-x86_64, r-oldrel-macos-arm64, r-oldrel-macos-x86_64, r-oldrel-windows-ix86+x86_64