Last updated on 2022-04-24 03:52:40 CEST.
Flavor | Version | Tinstall | Tcheck | Ttotal | Status | Flags |
---|---|---|---|---|---|---|
r-devel-linux-x86_64-debian-clang | 0.2.0 | 19.61 | 174.77 | 194.38 | OK | |
r-devel-linux-x86_64-debian-gcc | 0.2.0 | 14.61 | 127.51 | 142.12 | OK | |
r-devel-linux-x86_64-fedora-clang | 0.2.0 | 240.81 | NOTE | |||
r-devel-linux-x86_64-fedora-gcc | 0.2.0 | 208.00 | NOTE | |||
r-patched-linux-x86_64 | 0.2.0 | 14.96 | 163.34 | 178.30 | OK | |
r-release-linux-x86_64 | 0.2.0 | 10.14 | 148.34 | 158.48 | OK | |
r-release-macos-arm64 | 0.2.0 | NOTE | ||||
r-release-macos-x86_64 | 0.2.0 | NOTE | ||||
r-release-windows-x86_64 | 0.2.0 | 33.00 | 179.00 | 212.00 | OK | |
r-oldrel-macos-arm64 | 0.2.0 | NOTE | ||||
r-oldrel-macos-x86_64 | 0.2.0 | NOTE | ||||
r-oldrel-windows-ix86+x86_64 | 0.2.0 | 39.00 | 173.00 | 212.00 | OK |
Version: 0.2.0
Check: package dependencies
Result: NOTE
Imports includes 21 non-default packages.
Importing from so many packages makes the package vulnerable to any of
them becoming unavailable. Move as many as possible to Suggests and
use conditionally.
Flavor: r-devel-linux-x86_64-fedora-clang
Version: 0.2.0
Check: dependencies in R code
Result: NOTE
Namespace in Imports field not imported from: ‘modeldata’
All declared Imports should be used.
Flavors: r-devel-linux-x86_64-fedora-clang, r-devel-linux-x86_64-fedora-gcc, r-release-macos-arm64, r-release-macos-x86_64, r-oldrel-macos-arm64, r-oldrel-macos-x86_64