Last updated on 2022-04-24 03:52:40 CEST.
Flavor | Version | Tinstall | Tcheck | Ttotal | Status | Flags |
---|---|---|---|---|---|---|
r-devel-linux-x86_64-debian-clang | 0.5.1 | 25.04 | 269.33 | 294.37 | OK | |
r-devel-linux-x86_64-debian-gcc | 0.5.1 | 20.23 | 194.25 | 214.48 | OK | |
r-devel-linux-x86_64-fedora-clang | 0.5.1 | 339.25 | OK | |||
r-devel-linux-x86_64-fedora-gcc | 0.5.1 | 346.67 | OK | |||
r-patched-linux-x86_64 | 0.5.1 | 20.00 | 242.59 | 262.59 | OK | |
r-release-linux-x86_64 | 0.5.1 | 14.60 | 228.53 | 243.13 | OK | |
r-release-macos-arm64 | 0.5.1 | NOTE | ||||
r-release-macos-x86_64 | 0.5.1 | NOTE | ||||
r-release-windows-x86_64 | 0.5.1 | 79.00 | 275.00 | 354.00 | OK | |
r-oldrel-macos-arm64 | 0.5.1 | NOTE | ||||
r-oldrel-macos-x86_64 | 0.5.1 | NOTE | ||||
r-oldrel-windows-ix86+x86_64 | 0.5.1 | 53.00 | 279.00 | 332.00 | OK |
Version: 0.5.1
Check: package dependencies
Result: NOTE
Package suggested but not available for checking: ‘SingleR’
Flavors: r-release-macos-arm64, r-release-macos-x86_64, r-oldrel-macos-arm64, r-oldrel-macos-x86_64