Last updated on 2022-04-24 03:52:40 CEST.
Flavor | Version | Tinstall | Tcheck | Ttotal | Status | Flags |
---|---|---|---|---|---|---|
r-devel-linux-x86_64-debian-clang | 1.1.3 | 610.95 | 113.85 | 724.80 | OK | |
r-devel-linux-x86_64-debian-gcc | 1.1.3 | 407.53 | 84.00 | 491.53 | OK | |
r-devel-linux-x86_64-fedora-clang | 1.1.3 | 1042.74 | NOTE | |||
r-devel-linux-x86_64-fedora-gcc | 1.1.3 | 788.07 | OK | |||
r-patched-linux-x86_64 | 1.1.3 | 357.17 | 104.19 | 461.36 | OK | |
r-release-linux-x86_64 | 1.1.3 | 365.50 | 102.98 | 468.48 | OK | |
r-release-macos-arm64 | 1.1.3 | NOTE | ||||
r-release-macos-x86_64 | 1.1.3 | NOTE | ||||
r-release-windows-x86_64 | 1.1.3 | 377.00 | 187.00 | 564.00 | OK | |
r-oldrel-macos-arm64 | 1.1.3 | NOTE | ||||
r-oldrel-macos-x86_64 | 1.1.3 | NOTE | ||||
r-oldrel-windows-ix86+x86_64 | 1.1.3 | 970.00 | 219.00 | 1189.00 | NOTE |
Version: 1.1.3
Check: installed package size
Result: NOTE
installed size is 36.9Mb
sub-directories of 1Mb or more:
libs 36.0Mb
Flavors: r-devel-linux-x86_64-fedora-clang, r-release-macos-arm64, r-release-macos-x86_64, r-oldrel-macos-arm64, r-oldrel-macos-x86_64, r-oldrel-windows-ix86+x86_64