Last updated on 2022-04-24 03:52:40 CEST.
Flavor | Version | Tinstall | Tcheck | Ttotal | Status | Flags |
---|---|---|---|---|---|---|
r-devel-linux-x86_64-debian-clang | 0.5.1 | 6.20 | 95.61 | 101.81 | OK | |
r-devel-linux-x86_64-debian-gcc | 0.5.1 | 4.57 | 70.31 | 74.88 | OK | |
r-devel-linux-x86_64-fedora-clang | 0.5.1 | 122.74 | NOTE | |||
r-devel-linux-x86_64-fedora-gcc | 0.5.1 | 106.69 | NOTE | |||
r-patched-linux-x86_64 | 0.5.1 | 6.26 | 90.15 | 96.41 | OK | |
r-release-linux-x86_64 | 0.5.1 | 6.10 | 87.04 | 93.14 | OK | |
r-release-macos-arm64 | 0.5.1 | NOTE | ||||
r-release-macos-x86_64 | 0.5.1 | NOTE | ||||
r-release-windows-x86_64 | 0.5.1 | 43.00 | 118.00 | 161.00 | OK | |
r-oldrel-macos-arm64 | 0.5.1 | NOTE | ||||
r-oldrel-macos-x86_64 | 0.5.1 | NOTE | ||||
r-oldrel-windows-ix86+x86_64 | 0.5.1 | 16.00 | 106.00 | 122.00 | OK |
Version: 0.5.1
Check: data for non-ASCII characters
Result: NOTE
Note: found 113 marked UTF-8 strings
Flavors: r-devel-linux-x86_64-fedora-clang, r-devel-linux-x86_64-fedora-gcc, r-release-macos-arm64, r-release-macos-x86_64, r-oldrel-macos-arm64, r-oldrel-macos-x86_64