Last updated on 2022-04-24 03:52:40 CEST.
Flavor | Version | Tinstall | Tcheck | Ttotal | Status | Flags |
---|---|---|---|---|---|---|
r-devel-linux-x86_64-debian-clang | 0.9.1 | 4.59 | 61.67 | 66.26 | OK | |
r-devel-linux-x86_64-debian-gcc | 0.9.1 | 3.49 | 45.79 | 49.28 | OK | |
r-devel-linux-x86_64-fedora-clang | 0.9.1 | 80.29 | NOTE | |||
r-devel-linux-x86_64-fedora-gcc | 0.9.1 | 66.68 | NOTE | |||
r-patched-linux-x86_64 | 0.9.1 | 3.58 | 57.26 | 60.84 | OK | |
r-release-linux-x86_64 | 0.9.1 | 4.86 | 55.01 | 59.87 | OK | |
r-release-macos-arm64 | 0.9.1 | NOTE | ||||
r-release-macos-x86_64 | 0.9.1 | NOTE | ||||
r-release-windows-x86_64 | 0.9.1 | 13.00 | 79.00 | 92.00 | OK | |
r-oldrel-macos-arm64 | 0.9.1 | NOTE | ||||
r-oldrel-macos-x86_64 | 0.9.1 | NOTE | ||||
r-oldrel-windows-ix86+x86_64 | 0.9.1 | 13.00 | 70.00 | 83.00 | OK |
Version: 0.9.1
Check: data for non-ASCII characters
Result: NOTE
Note: found 34206 marked UTF-8 strings
Flavors: r-devel-linux-x86_64-fedora-clang, r-devel-linux-x86_64-fedora-gcc, r-release-macos-arm64, r-release-macos-x86_64, r-oldrel-macos-arm64, r-oldrel-macos-x86_64