Last updated on 2022-04-24 03:52:40 CEST.
Flavor | Version | Tinstall | Tcheck | Ttotal | Status | Flags |
---|---|---|---|---|---|---|
r-devel-linux-x86_64-debian-clang | 1.3.0 | 12.74 | 237.38 | 250.12 | OK | |
r-devel-linux-x86_64-debian-gcc | 1.3.0 | 9.59 | 166.66 | 176.25 | OK | |
r-devel-linux-x86_64-fedora-clang | 1.3.0 | 281.57 | NOTE | |||
r-devel-linux-x86_64-fedora-gcc | 1.3.0 | 261.45 | NOTE | |||
r-patched-linux-x86_64 | 1.3.0 | 10.01 | 202.91 | 212.92 | OK | |
r-release-linux-x86_64 | 1.3.0 | 10.71 | 204.58 | 215.29 | OK | |
r-release-macos-arm64 | 1.3.0 | NOTE | ||||
r-release-macos-x86_64 | 1.3.0 | NOTE | ||||
r-release-windows-x86_64 | 1.3.0 | 67.00 | 265.00 | 332.00 | NOTE | |
r-oldrel-macos-arm64 | 1.3.0 | NOTE | ||||
r-oldrel-macos-x86_64 | 1.3.0 | NOTE | ||||
r-oldrel-windows-ix86+x86_64 | 1.3.0 | 26.00 | 275.00 | 301.00 | NOTE |
Version: 1.3.0
Check: installed package size
Result: NOTE
installed size is 6.3Mb
sub-directories of 1Mb or more:
doc 1.3Mb
extdata 4.5Mb
Flavors: r-devel-linux-x86_64-fedora-clang, r-release-macos-arm64, r-release-macos-x86_64, r-release-windows-x86_64, r-oldrel-macos-arm64, r-oldrel-macos-x86_64, r-oldrel-windows-ix86+x86_64
Version: 1.3.0
Check: data for non-ASCII characters
Result: NOTE
Note: found 61 marked UTF-8 strings
Flavors: r-devel-linux-x86_64-fedora-clang, r-devel-linux-x86_64-fedora-gcc, r-release-macos-arm64, r-release-macos-x86_64, r-oldrel-macos-arm64, r-oldrel-macos-x86_64