Last updated on 2022-04-24 03:52:40 CEST.
Flavor | Version | Tinstall | Tcheck | Ttotal | Status | Flags |
---|---|---|---|---|---|---|
r-devel-linux-x86_64-debian-clang | 1.3.1 | 10.84 | 105.75 | 116.59 | OK | |
r-devel-linux-x86_64-debian-gcc | 1.3.1 | 8.18 | 77.07 | 85.25 | OK | |
r-devel-linux-x86_64-fedora-clang | 1.3.1 | 145.33 | NOTE | |||
r-devel-linux-x86_64-fedora-gcc | 1.3.1 | 121.19 | NOTE | |||
r-patched-linux-x86_64 | 1.3.1 | 10.45 | 98.15 | 108.60 | OK | |
r-release-linux-x86_64 | 1.3.1 | 10.24 | 92.41 | 102.65 | OK | |
r-release-macos-arm64 | 1.3.1 | NOTE | ||||
r-release-macos-x86_64 | 1.3.1 | NOTE | ||||
r-release-windows-x86_64 | 1.3.1 | 23.00 | 119.00 | 142.00 | OK | |
r-oldrel-macos-arm64 | 1.3.1 | NOTE | ||||
r-oldrel-macos-x86_64 | 1.3.1 | NOTE | ||||
r-oldrel-windows-ix86+x86_64 | 1.3.1 | 23.00 | 114.00 | 137.00 | OK |
Version: 1.3.1
Check: package dependencies
Result: NOTE
Imports includes 29 non-default packages.
Importing from so many packages makes the package vulnerable to any of
them becoming unavailable. Move as many as possible to Suggests and
use conditionally.
Flavor: r-devel-linux-x86_64-fedora-clang
Version: 1.3.1
Check: dependencies in R code
Result: NOTE
Namespaces in Imports field not imported from:
‘dtplyr’ ‘googledrive’ ‘googlesheets4’
All declared Imports should be used.
Flavors: r-devel-linux-x86_64-fedora-clang, r-devel-linux-x86_64-fedora-gcc, r-release-macos-arm64, r-release-macos-x86_64, r-oldrel-macos-arm64, r-oldrel-macos-x86_64