Last updated on 2022-04-24 03:52:40 CEST.
Flavor | Version | Tinstall | Tcheck | Ttotal | Status | Flags |
---|---|---|---|---|---|---|
r-devel-linux-x86_64-debian-clang | 1.0.7 | 167.80 | 73.77 | 241.57 | OK | |
r-devel-linux-x86_64-debian-gcc | 1.0.7 | 143.45 | 54.37 | 197.82 | OK | |
r-devel-linux-x86_64-fedora-clang | 1.0.7 | 378.60 | NOTE | |||
r-devel-linux-x86_64-fedora-gcc | 1.0.7 | 311.89 | OK | |||
r-patched-linux-x86_64 | 1.0.7 | 147.75 | 70.01 | 217.76 | OK | |
r-release-linux-x86_64 | 1.0.7 | 144.81 | 72.37 | 217.18 | OK | |
r-release-macos-arm64 | 1.0.7 | NOTE | ||||
r-release-macos-x86_64 | 1.0.7 | NOTE | ||||
r-release-windows-x86_64 | 1.0.7 | 164.00 | 120.00 | 284.00 | OK | |
r-oldrel-macos-arm64 | 1.0.7 | NOTE | ||||
r-oldrel-macos-x86_64 | 1.0.7 | NOTE | ||||
r-oldrel-windows-ix86+x86_64 | 1.0.7 | 418.00 | 138.00 | 556.00 | OK |
Version: 1.0.7
Check: installed package size
Result: NOTE
installed size is 7.5Mb
sub-directories of 1Mb or more:
libs 6.4Mb
Flavors: r-devel-linux-x86_64-fedora-clang, r-release-macos-arm64, r-release-macos-x86_64, r-oldrel-macos-arm64, r-oldrel-macos-x86_64