Last updated on 2022-04-24 03:52:40 CEST.
Flavor | Version | Tinstall | Tcheck | Ttotal | Status | Flags |
---|---|---|---|---|---|---|
r-devel-linux-x86_64-debian-clang | 0.1-11 | 6.37 | 31.05 | 37.42 | OK | |
r-devel-linux-x86_64-debian-gcc | 0.1-11 | 4.13 | 23.98 | 28.11 | OK | |
r-devel-linux-x86_64-fedora-clang | 0.1-11 | 45.90 | OK | |||
r-devel-linux-x86_64-fedora-gcc | 0.1-11 | 34.23 | OK | |||
r-patched-linux-x86_64 | 0.1-11 | 4.77 | 29.56 | 34.33 | OK | |
r-release-linux-x86_64 | 0.1-11 | 4.68 | 29.40 | 34.08 | OK | |
r-release-macos-arm64 | 0.1-11 | NOTE | ||||
r-release-macos-x86_64 | 0.1-11 | NOTE | ||||
r-release-windows-x86_64 | 0.1-11 | 16.00 | 53.00 | 69.00 | OK | |
r-oldrel-macos-arm64 | 0.1-11 | NOTE | ||||
r-oldrel-macos-x86_64 | 0.1-11 | NOTE | ||||
r-oldrel-windows-ix86+x86_64 | 0.1-11 | 13.00 | 41.00 | 54.00 | OK |
Version: 0.1-11
Check: installed package size
Result: NOTE
installed size is 5.6Mb
sub-directories of 1Mb or more:
libs 5.5Mb
Flavors: r-release-macos-arm64, r-release-macos-x86_64, r-oldrel-macos-arm64, r-oldrel-macos-x86_64