Last updated on 2022-04-24 03:52:40 CEST.
Flavor | Version | Tinstall | Tcheck | Ttotal | Status | Flags |
---|---|---|---|---|---|---|
r-devel-linux-x86_64-debian-clang | 0.12.0 | 148.02 | 177.50 | 325.52 | OK | |
r-devel-linux-x86_64-debian-gcc | 0.12.0 | 126.76 | 136.68 | 263.44 | OK | |
r-devel-linux-x86_64-fedora-clang | 0.12.0 | 358.16 | NOTE | |||
r-devel-linux-x86_64-fedora-gcc | 0.12.0 | 415.88 | OK | |||
r-patched-linux-x86_64 | 0.12.0 | 142.51 | 163.39 | 305.90 | OK | |
r-release-linux-x86_64 | 0.12.0 | 136.50 | 152.98 | 289.48 | OK | |
r-release-macos-arm64 | 0.12.0 | NOTE | ||||
r-release-macos-x86_64 | 0.12.0 | NOTE | ||||
r-release-windows-x86_64 | 0.12.0 | 301.00 | 336.00 | 637.00 | NOTE | |
r-oldrel-macos-arm64 | 0.12.0 | NOTE | ||||
r-oldrel-macos-x86_64 | 0.12.0 | NOTE | ||||
r-oldrel-windows-ix86+x86_64 | 0.12.0 | 328.00 | 225.00 | 553.00 | NOTE |
Version: 0.12.0
Check: installed package size
Result: NOTE
installed size is 54.7Mb
sub-directories of 1Mb or more:
libs 8.6Mb
tiledb 44.0Mb
Flavors: r-devel-linux-x86_64-fedora-clang, r-release-macos-arm64, r-release-macos-x86_64, r-release-windows-x86_64, r-oldrel-macos-arm64, r-oldrel-macos-x86_64, r-oldrel-windows-ix86+x86_64