Last updated on 2022-04-24 03:52:40 CEST.
Flavor | Version | Tinstall | Tcheck | Ttotal | Status | Flags |
---|---|---|---|---|---|---|
r-devel-linux-x86_64-debian-clang | 0.2.0 | 5.06 | 78.06 | 83.12 | OK | |
r-devel-linux-x86_64-debian-gcc | 0.2.0 | 4.11 | 57.83 | 61.94 | OK | |
r-devel-linux-x86_64-fedora-clang | 0.2.0 | 97.08 | NOTE | |||
r-devel-linux-x86_64-fedora-gcc | 0.2.0 | 83.99 | NOTE | |||
r-patched-linux-x86_64 | 0.2.0 | 5.33 | 73.76 | 79.09 | OK | |
r-release-linux-x86_64 | 0.2.0 | 5.40 | 69.14 | 74.54 | OK | |
r-release-macos-arm64 | 0.2.0 | NOTE | ||||
r-release-macos-x86_64 | 0.2.0 | NOTE | ||||
r-release-windows-x86_64 | 0.2.0 | 52.00 | 97.00 | 149.00 | OK | |
r-oldrel-macos-arm64 | 0.2.0 | NOTE | ||||
r-oldrel-macos-x86_64 | 0.2.0 | NOTE | ||||
r-oldrel-windows-ix86+x86_64 | 0.2.0 | 16.00 | 86.00 | 102.00 | OK |
Version: 0.2.0
Check: dependencies in R code
Result: NOTE
Namespace in Imports field not imported from: ‘sp’
All declared Imports should be used.
Flavors: r-devel-linux-x86_64-fedora-clang, r-devel-linux-x86_64-fedora-gcc, r-release-macos-arm64, r-release-macos-x86_64, r-oldrel-macos-arm64, r-oldrel-macos-x86_64
Version: 0.2.0
Check: data for non-ASCII characters
Result: NOTE
Note: found 341 marked UTF-8 strings
Flavors: r-devel-linux-x86_64-fedora-clang, r-devel-linux-x86_64-fedora-gcc, r-release-macos-arm64, r-release-macos-x86_64, r-oldrel-macos-arm64, r-oldrel-macos-x86_64