Last updated on 2022-04-24 03:52:40 CEST.
Flavor | Version | Tinstall | Tcheck | Ttotal | Status | Flags |
---|---|---|---|---|---|---|
r-devel-linux-x86_64-debian-clang | 0.2.0 | 3.53 | 201.24 | 204.77 | OK | |
r-devel-linux-x86_64-debian-gcc | 0.2.0 | 2.39 | 141.86 | 144.25 | OK | |
r-devel-linux-x86_64-fedora-clang | 0.2.0 | 236.16 | NOTE | |||
r-devel-linux-x86_64-fedora-gcc | 0.2.0 | 214.85 | NOTE | |||
r-patched-linux-x86_64 | 0.2.0 | 2.71 | 168.09 | 170.80 | OK | |
r-release-linux-x86_64 | 0.2.0 | 2.83 | 165.69 | 168.52 | OK | |
r-release-macos-arm64 | 0.2.0 | NOTE | ||||
r-release-macos-x86_64 | 0.2.0 | NOTE | ||||
r-release-windows-x86_64 | 0.2.0 | 11.00 | 215.00 | 226.00 | OK | |
r-oldrel-macos-arm64 | 0.2.0 | NOTE | ||||
r-oldrel-macos-x86_64 | 0.2.0 | NOTE | ||||
r-oldrel-windows-ix86+x86_64 | 0.2.0 | 8.00 | 253.00 | 261.00 | OK |
Version: 0.2.0
Check: dependencies in R code
Result: NOTE
Namespace in Imports field not imported from: ‘lwgeom’
All declared Imports should be used.
Flavors: r-devel-linux-x86_64-fedora-clang, r-devel-linux-x86_64-fedora-gcc, r-release-macos-arm64, r-release-macos-x86_64, r-oldrel-macos-arm64, r-oldrel-macos-x86_64