Last updated on 2022-04-24 03:52:40 CEST.
Flavor | Version | Tinstall | Tcheck | Ttotal | Status | Flags |
---|---|---|---|---|---|---|
r-devel-linux-x86_64-debian-clang | 2.8.0 | 25.03 | 409.50 | 434.53 | OK | |
r-devel-linux-x86_64-debian-gcc | 2.8.0 | 18.21 | 297.64 | 315.85 | OK | |
r-devel-linux-x86_64-fedora-clang | 2.8.0 | 517.68 | NOTE | |||
r-devel-linux-x86_64-fedora-gcc | 2.8.0 | 502.05 | NOTE | |||
r-patched-linux-x86_64 | 2.8.0 | 29.41 | 351.43 | 380.84 | OK | |
r-release-linux-x86_64 | 2.8.0 | 14.91 | 301.32 | 316.23 | NOTE | |
r-release-macos-arm64 | 2.8.0 | NOTE | ||||
r-release-macos-x86_64 | 2.8.0 | NOTE | ||||
r-release-windows-x86_64 | 2.8.0 | 91.00 | 432.00 | 523.00 | OK | |
r-oldrel-macos-arm64 | 2.8.0 | NOTE | ||||
r-oldrel-macos-x86_64 | 2.8.0 | NOTE | ||||
r-oldrel-windows-ix86+x86_64 | 2.8.0 | 49.00 | 453.00 | 502.00 | OK |
Version: 2.8.0
Check: package dependencies
Result: NOTE
Imports includes 26 non-default packages.
Importing from so many packages makes the package vulnerable to any of
them becoming unavailable. Move as many as possible to Suggests and
use conditionally.
Flavor: r-devel-linux-x86_64-fedora-clang
Version: 2.8.0
Check: data for non-ASCII characters
Result: NOTE
Note: found 2750 marked UTF-8 strings
Flavors: r-devel-linux-x86_64-fedora-clang, r-devel-linux-x86_64-fedora-gcc, r-release-macos-arm64, r-release-macos-x86_64, r-oldrel-macos-arm64, r-oldrel-macos-x86_64
Version: 2.8.0
Check: package dependencies
Result: NOTE
Package suggested but not available for checking: ‘modeltime’
Flavor: r-release-linux-x86_64