Last updated on 2022-04-24 03:52:40 CEST.
Flavor | Version | Tinstall | Tcheck | Ttotal | Status | Flags |
---|---|---|---|---|---|---|
r-devel-linux-x86_64-debian-clang | 1.0 | 9.67 | 99.22 | 108.89 | NOTE | |
r-devel-linux-x86_64-debian-gcc | 1.0 | 7.39 | 73.34 | 80.73 | NOTE | |
r-devel-linux-x86_64-fedora-clang | 1.0 | 128.81 | NOTE | |||
r-devel-linux-x86_64-fedora-gcc | 1.0 | 116.29 | NOTE | |||
r-patched-linux-x86_64 | 1.0 | 9.49 | 90.64 | 100.13 | NOTE | |
r-release-linux-x86_64 | 1.0 | 8.45 | 79.39 | 87.84 | NOTE | |
r-release-macos-arm64 | 1.0 | NOTE | ||||
r-release-macos-x86_64 | 1.0 | NOTE | ||||
r-release-windows-x86_64 | 1.0 | 14.00 | 113.00 | 127.00 | NOTE | |
r-oldrel-macos-arm64 | 1.0 | NOTE | ||||
r-oldrel-macos-x86_64 | 1.0 | NOTE | ||||
r-oldrel-windows-ix86+x86_64 | 1.0 | 19.00 | 102.00 | 121.00 | NOTE |
Version: 1.0
Check: R code for possible problems
Result: NOTE
author.search: no visible binding for global variable 'na.omit'
reference.list: no visible global function definition for 'na.omit'
Undefined global functions or variables:
na.omit
Consider adding
importFrom("stats", "na.omit")
to your NAMESPACE file.
Flavors: r-devel-linux-x86_64-debian-clang, r-devel-linux-x86_64-debian-gcc, r-devel-linux-x86_64-fedora-clang, r-devel-linux-x86_64-fedora-gcc, r-patched-linux-x86_64, r-release-linux-x86_64, r-release-macos-arm64, r-release-macos-x86_64, r-release-windows-x86_64, r-oldrel-macos-arm64, r-oldrel-macos-x86_64, r-oldrel-windows-ix86+x86_64
Version: 1.0
Check: Rd files
Result: NOTE
checkRd: (7) file 'references.list.Rd': \item in \value must have non-empty label
Flavors: r-devel-linux-x86_64-debian-clang, r-devel-linux-x86_64-debian-gcc, r-devel-linux-x86_64-fedora-clang, r-devel-linux-x86_64-fedora-gcc