Last updated on 2022-04-24 03:52:40 CEST.
Flavor | Version | Tinstall | Tcheck | Ttotal | Status | Flags |
---|---|---|---|---|---|---|
r-devel-linux-x86_64-debian-clang | 2.2.7 | 37.80 | 371.19 | 408.99 | OK | |
r-devel-linux-x86_64-debian-gcc | 2.2.7 | 36.65 | 268.80 | 305.45 | OK | |
r-devel-linux-x86_64-fedora-clang | 2.2.7 | 497.69 | NOTE | |||
r-devel-linux-x86_64-fedora-gcc | 2.2.7 | 484.24 | NOTE | |||
r-patched-linux-x86_64 | 2.2.7 | 34.53 | 316.64 | 351.17 | OK | |
r-release-linux-x86_64 | 2.2.7 | 31.00 | 251.51 | 282.51 | OK | |
r-release-macos-arm64 | 2.2.7 | NOTE | ||||
r-release-macos-x86_64 | 2.2.7 | NOTE | ||||
r-release-windows-x86_64 | 2.2.7 | 60.00 | 373.00 | 433.00 | OK | |
r-oldrel-macos-arm64 | 2.2.7 | NOTE | ||||
r-oldrel-macos-x86_64 | 2.2.7 | NOTE | ||||
r-oldrel-windows-ix86+x86_64 | 2.2.7 | 81.00 | 375.00 | 456.00 | OK |
Version: 2.2.7
Check: data for non-ASCII characters
Result: NOTE
Note: found 2 marked UTF-8 strings
Flavors: r-devel-linux-x86_64-fedora-clang, r-devel-linux-x86_64-fedora-gcc, r-release-macos-arm64, r-release-macos-x86_64, r-oldrel-macos-arm64, r-oldrel-macos-x86_64