Last updated on 2022-04-24 03:52:40 CEST.
Flavor | Version | Tinstall | Tcheck | Ttotal | Status | Flags |
---|---|---|---|---|---|---|
r-devel-linux-x86_64-debian-clang | 0.0.4 | 206.87 | 170.15 | 377.02 | NOTE | |
r-devel-linux-x86_64-debian-gcc | 0.0.4 | 146.07 | 129.13 | 275.20 | NOTE | |
r-devel-linux-x86_64-fedora-clang | 0.0.4 | 458.81 | NOTE | |||
r-devel-linux-x86_64-fedora-gcc | 0.0.4 | 501.53 | NOTE | |||
r-patched-linux-x86_64 | 0.0.4 | 179.29 | 142.62 | 321.91 | NOTE | |
r-release-linux-x86_64 | 0.0.4 | 160.43 | 158.65 | 319.08 | NOTE | |
r-release-macos-arm64 | 0.0.4 | NOTE | ||||
r-release-macos-x86_64 | 0.0.4 | NOTE | ||||
r-release-windows-x86_64 | 0.0.4 | 172.00 | 219.00 | 391.00 | NOTE | |
r-oldrel-macos-arm64 | 0.0.4 | NOTE | ||||
r-oldrel-macos-x86_64 | 0.0.4 | NOTE | ||||
r-oldrel-windows-ix86+x86_64 | 0.0.4 | 405.00 | 277.00 | 682.00 | NOTE |
Version: 0.0.4
Check: for GNU extensions in Makefiles
Result: NOTE
GNU make is a SystemRequirements.
Flavors: r-devel-linux-x86_64-debian-clang, r-devel-linux-x86_64-debian-gcc, r-devel-linux-x86_64-fedora-clang, r-devel-linux-x86_64-fedora-gcc, r-patched-linux-x86_64, r-release-linux-x86_64, r-release-macos-arm64, r-release-macos-x86_64, r-release-windows-x86_64, r-oldrel-macos-arm64, r-oldrel-macos-x86_64, r-oldrel-windows-ix86+x86_64
Version: 0.0.4
Check: installed package size
Result: NOTE
installed size is 32.9Mb
sub-directories of 1Mb or more:
doc 1.5Mb
libs 29.4Mb
Flavors: r-devel-linux-x86_64-fedora-clang, r-release-macos-arm64, r-release-macos-x86_64, r-release-windows-x86_64, r-oldrel-macos-arm64, r-oldrel-macos-x86_64, r-oldrel-windows-ix86+x86_64
Version: 0.0.4
Check: dependencies in R code
Result: NOTE
Namespaces in Imports field not imported from:
‘RcppParallel’ ‘callr’ ‘maptools’ ‘rgeos’ ‘rstantools’ ‘sp’
All declared Imports should be used.
Flavors: r-devel-linux-x86_64-fedora-clang, r-devel-linux-x86_64-fedora-gcc, r-release-macos-arm64, r-release-macos-x86_64, r-oldrel-macos-arm64, r-oldrel-macos-x86_64
Version: 0.0.4
Check: data for non-ASCII characters
Result: NOTE
Note: found 1 marked UTF-8 string
Flavors: r-devel-linux-x86_64-fedora-clang, r-devel-linux-x86_64-fedora-gcc, r-release-macos-arm64, r-release-macos-x86_64, r-oldrel-macos-arm64, r-oldrel-macos-x86_64