Last updated on 2022-04-24 03:52:40 CEST.
Flavor | Version | Tinstall | Tcheck | Ttotal | Status | Flags |
---|---|---|---|---|---|---|
r-devel-linux-x86_64-debian-clang | 0.1.3 | 3.68 | 40.11 | 43.79 | NOTE | |
r-devel-linux-x86_64-debian-gcc | 0.1.3 | 3.62 | 31.19 | 34.81 | NOTE | |
r-devel-linux-x86_64-fedora-clang | 0.1.3 | 54.46 | NOTE | |||
r-devel-linux-x86_64-fedora-gcc | 0.1.3 | 42.28 | NOTE | |||
r-patched-linux-x86_64 | 0.1.3 | 3.61 | 35.82 | 39.43 | NOTE | |
r-release-linux-x86_64 | 0.1.3 | 3.05 | 40.32 | 43.37 | NOTE | |
r-release-macos-arm64 | 0.1.3 | NOTE | ||||
r-release-macos-x86_64 | 0.1.3 | NOTE | ||||
r-release-windows-x86_64 | 0.1.3 | 16.00 | 79.00 | 95.00 | NOTE | |
r-oldrel-macos-arm64 | 0.1.3 | NOTE | ||||
r-oldrel-macos-x86_64 | 0.1.3 | NOTE | ||||
r-oldrel-windows-ix86+x86_64 | 0.1.3 | 10.00 | 52.00 | 62.00 | NOTE |
Version: 0.1.3
Check: R code for possible problems
Result: NOTE
FLXmclust.Density: no visible global function definition for 'dmvnorm'
FLXmclust.Estimate: no visible global function definition for 'flexmix'
FLXmclust.Estimate: no visible global function definition for
'FLXmclust'
coefmclust: no visible global function definition for 'parameters'
flexmix.Density: no visible global function definition for
'model.matrix'
flexmix.Density: no visible global function definition for
'model.response'
flexmix.Density: no visible global function definition for
'model.frame'
flexmix.Density: no visible global function definition for 'dnorm'
flexmix.Density: no visible global function definition for 'dpois'
flexmix.Density: no visible global function definition for 'dbinom'
flexmix.Estimate: no visible global function definition for 'flexmix'
flexmix.Estimate: no visible global function definition for 'FLXglm'
tleplot,TLE-data.frame: no visible global function definition for
'legend'
Undefined global functions or variables:
FLXglm FLXmclust dbinom dmvnorm dnorm dpois flexmix legend
model.frame model.matrix model.response parameters
Consider adding
importFrom("graphics", "legend")
importFrom("stats", "dbinom", "dnorm", "dpois", "model.frame",
"model.matrix", "model.response")
to your NAMESPACE file.
Flavors: r-devel-linux-x86_64-debian-clang, r-devel-linux-x86_64-debian-gcc, r-devel-linux-x86_64-fedora-clang, r-devel-linux-x86_64-fedora-gcc, r-patched-linux-x86_64, r-release-linux-x86_64, r-release-macos-arm64, r-release-macos-x86_64, r-release-windows-x86_64, r-oldrel-macos-arm64, r-oldrel-macos-x86_64, r-oldrel-windows-ix86+x86_64
Version: 0.1.3
Check: Rd cross-references
Result: NOTE
Undeclared package ‘modeltools’ in Rd xrefs
Flavor: r-devel-linux-x86_64-fedora-clang