Last updated on 2022-04-24 03:52:40 CEST.
Flavor | Version | Tinstall | Tcheck | Ttotal | Status | Flags |
---|---|---|---|---|---|---|
r-devel-linux-x86_64-debian-clang | 1.1.1 | 220.45 | 51.55 | 272.00 | OK | |
r-devel-linux-x86_64-debian-gcc | 1.1.1 | 177.25 | 40.94 | 218.19 | OK | |
r-devel-linux-x86_64-fedora-clang | 1.1.1 | 435.38 | NOTE | |||
r-devel-linux-x86_64-fedora-gcc | 1.1.1 | 344.49 | OK | |||
r-patched-linux-x86_64 | 1.1.1 | 189.89 | 44.30 | 234.19 | OK | |
r-release-linux-x86_64 | 1.1.1 | 183.50 | 52.92 | 236.42 | OK | |
r-release-macos-arm64 | 1.1.1 | NOTE | ||||
r-release-macos-x86_64 | 1.1.1 | NOTE | ||||
r-release-windows-x86_64 | 1.1.1 | 177.00 | 92.00 | 269.00 | OK | |
r-oldrel-macos-arm64 | 1.1.1 | NOTE | ||||
r-oldrel-macos-x86_64 | 1.1.1 | NOTE | ||||
r-oldrel-windows-ix86+x86_64 | 1.1.1 | 539.00 | 111.00 | 650.00 | OK |
Version: 1.1.1
Check: installed package size
Result: NOTE
installed size is 9.0Mb
sub-directories of 1Mb or more:
libs 8.8Mb
Flavors: r-devel-linux-x86_64-fedora-clang, r-release-macos-arm64, r-release-macos-x86_64, r-oldrel-macos-arm64, r-oldrel-macos-x86_64