Last updated on 2022-04-24 03:52:40 CEST.
Flavor | Version | Tinstall | Tcheck | Ttotal | Status | Flags |
---|---|---|---|---|---|---|
r-devel-linux-x86_64-debian-clang | 0.7-8 | 34.51 | 75.21 | 109.72 | NOTE | |
r-devel-linux-x86_64-debian-gcc | 0.7-8 | 23.92 | 57.91 | 81.83 | NOTE | |
r-devel-linux-x86_64-fedora-clang | 0.7-8 | 148.55 | NOTE | |||
r-devel-linux-x86_64-fedora-gcc | 0.7-8 | 123.90 | NOTE | |||
r-patched-linux-x86_64 | 0.7-8 | 30.54 | 54.33 | 84.87 | NOTE | |
r-release-linux-x86_64 | 0.7-8 | 25.13 | 72.86 | 97.99 | NOTE | |
r-release-macos-arm64 | 0.7-8 | NOTE | ||||
r-release-macos-x86_64 | 0.7-8 | NOTE | ||||
r-release-windows-x86_64 | 0.7-8 | 64.00 | 151.00 | 215.00 | NOTE | |
r-oldrel-macos-arm64 | 0.7-8 | NOTE | ||||
r-oldrel-macos-x86_64 | 0.7-8 | NOTE | ||||
r-oldrel-windows-ix86+x86_64 | 0.7-8 | 77.00 | 135.00 | 212.00 | NOTE |
Version: 0.7-8
Check: package dependencies
Result: NOTE
Packages suggested but not available for checking:
'Rcampdf', 'tm.lexicon.GeneralInquirer'
Flavors: r-devel-linux-x86_64-debian-clang, r-devel-linux-x86_64-debian-gcc, r-devel-linux-x86_64-fedora-clang, r-devel-linux-x86_64-fedora-gcc, r-patched-linux-x86_64, r-release-linux-x86_64
Version: 0.7-8
Check: Rd cross-references
Result: NOTE
Undeclared packages ‘tm.plugin.dc’, ‘readtext’, ‘graph’, ‘tau’, ‘tokenizers’ in Rd xrefs
Flavor: r-devel-linux-x86_64-fedora-clang
Version: 0.7-8
Check: package dependencies
Result: NOTE
Packages suggested but not available for checking:
'Rcampdf', 'Rpoppler', 'tm.lexicon.GeneralInquirer'
Flavors: r-release-macos-arm64, r-release-macos-x86_64, r-release-windows-x86_64, r-oldrel-macos-arm64, r-oldrel-macos-x86_64, r-oldrel-windows-ix86+x86_64
Version: 0.7-8
Check: Rd cross-references
Result: NOTE
Package unavailable to check Rd xrefs: ‘Rpoppler’
Flavors: r-release-macos-arm64, r-release-macos-x86_64, r-oldrel-macos-arm64, r-oldrel-macos-x86_64, r-oldrel-windows-ix86+x86_64