Last updated on 2022-04-24 03:52:40 CEST.
Flavor | Version | Tinstall | Tcheck | Ttotal | Status | Flags |
---|---|---|---|---|---|---|
r-devel-linux-x86_64-debian-clang | 0.2-13 | 3.82 | 40.51 | 44.33 | OK | |
r-devel-linux-x86_64-debian-gcc | 0.2-13 | 3.00 | 28.88 | 31.88 | OK | |
r-devel-linux-x86_64-fedora-clang | 0.2-13 | 50.83 | NOTE | |||
r-devel-linux-x86_64-fedora-gcc | 0.2-13 | 39.02 | NOTE | |||
r-patched-linux-x86_64 | 0.2-13 | 3.72 | 36.67 | 40.39 | OK | |
r-release-linux-x86_64 | 0.2-13 | 3.50 | 34.67 | 38.17 | OK | |
r-release-macos-arm64 | 0.2-13 | NOTE | ||||
r-release-macos-x86_64 | 0.2-13 | NOTE | ||||
r-release-windows-x86_64 | 0.2-13 | 27.00 | 58.00 | 85.00 | OK | |
r-oldrel-macos-arm64 | 0.2-13 | NOTE | ||||
r-oldrel-macos-x86_64 | 0.2-13 | NOTE | ||||
r-oldrel-windows-ix86+x86_64 | 0.2-13 | 12.00 | 66.00 | 78.00 | OK |
Version: 0.2-13
Check: data for non-ASCII characters
Result: NOTE
Note: found 134043 marked UTF-8 strings
Flavors: r-devel-linux-x86_64-fedora-clang, r-devel-linux-x86_64-fedora-gcc, r-release-macos-arm64, r-release-macos-x86_64, r-oldrel-macos-arm64, r-oldrel-macos-x86_64