Last updated on 2022-04-24 03:52:40 CEST.
Flavor | Version | Tinstall | Tcheck | Ttotal | Status | Flags |
---|---|---|---|---|---|---|
r-devel-linux-x86_64-debian-clang | 1.0.3 | 2.59 | 37.93 | 40.52 | NOTE | |
r-devel-linux-x86_64-debian-gcc | 1.0.3 | 2.26 | 30.21 | 32.47 | NOTE | |
r-devel-linux-x86_64-fedora-clang | 1.0.3 | 49.87 | NOTE | |||
r-devel-linux-x86_64-fedora-gcc | 1.0.3 | 38.30 | NOTE | |||
r-patched-linux-x86_64 | 1.0.3 | 2.73 | 36.29 | 39.02 | NOTE | |
r-release-linux-x86_64 | 1.0.3 | 2.74 | 31.89 | 34.63 | NOTE | |
r-release-macos-arm64 | 1.0.3 | NOTE | ||||
r-release-macos-x86_64 | 1.0.3 | NOTE | ||||
r-release-windows-x86_64 | 1.0.3 | 7.00 | 54.00 | 61.00 | NOTE | |
r-oldrel-macos-arm64 | 1.0.3 | NOTE | ||||
r-oldrel-macos-x86_64 | 1.0.3 | NOTE | ||||
r-oldrel-windows-ix86+x86_64 | 1.0.3 | 7.00 | 48.00 | 55.00 | NOTE |
Version: 1.0.3
Check: LazyData
Result: NOTE
'LazyData' is specified without a 'data' directory
Flavors: r-devel-linux-x86_64-debian-clang, r-devel-linux-x86_64-debian-gcc, r-devel-linux-x86_64-fedora-clang, r-devel-linux-x86_64-fedora-gcc, r-patched-linux-x86_64, r-release-linux-x86_64, r-release-macos-arm64, r-release-macos-x86_64, r-release-windows-x86_64, r-oldrel-macos-arm64, r-oldrel-macos-x86_64, r-oldrel-windows-ix86+x86_64