Last updated on 2022-04-24 03:52:40 CEST.
Flavor | Version | Tinstall | Tcheck | Ttotal | Status | Flags |
---|---|---|---|---|---|---|
r-devel-linux-x86_64-debian-clang | 0.3.0-20 | 36.43 | 129.80 | 166.23 | WARN | |
r-devel-linux-x86_64-debian-gcc | 0.3.0-20 | 31.08 | 96.04 | 127.12 | OK | |
r-devel-linux-x86_64-fedora-clang | 0.3.0-20 | 210.97 | WARN | |||
r-devel-linux-x86_64-fedora-gcc | 0.3.0-20 | 187.57 | OK | |||
r-patched-linux-x86_64 | 0.3.0-20 | 32.06 | 121.60 | 153.66 | OK | |
r-release-linux-x86_64 | 0.3.0-20 | 33.39 | 116.33 | 149.72 | OK | |
r-release-macos-arm64 | 0.3.0-20 | OK | ||||
r-release-macos-x86_64 | 0.3.0-20 | OK | ||||
r-release-windows-x86_64 | 0.3.0-20 | 41.00 | 168.00 | 209.00 | OK | |
r-oldrel-macos-arm64 | 0.3.0-20 | OK | ||||
r-oldrel-macos-x86_64 | 0.3.0-20 | OK | ||||
r-oldrel-windows-ix86+x86_64 | 0.3.0-20 | 86.00 | 224.00 | 310.00 | OK |
Version: 0.3.0-20
Check: whether package can be installed
Result: WARN
Found the following significant warnings:
./esf_mst_sum_vector_s2.h:54:11: warning: use of bitwise '&' with boolean operands [-Wbitwise-instead-of-logical]
./esf_mst_sum_vector_s2.h:71:11: warning: use of bitwise '&' with boolean operands [-Wbitwise-instead-of-logical]
./esf_mst_sum_vector_s2.h:82:20: warning: use of bitwise '|' with boolean operands [-Wbitwise-instead-of-logical]
./esf_mst_sum_vector_s2.h:82:51: warning: use of bitwise '&' with boolean operands [-Wbitwise-instead-of-logical]
esf_mst_sum_vector.cpp:362:16: warning: use of bitwise '|' with boolean operands [-Wbitwise-instead-of-logical]
esf_mst_sum_vector.cpp:387:15: warning: use of bitwise '|' with boolean operands [-Wbitwise-instead-of-logical]
esf_mst_sum_vector.cpp:394:23: warning: use of bitwise '|' with boolean operands [-Wbitwise-instead-of-logical]
esf_mst_sum_vector.cpp:397:23: warning: use of bitwise '|' with boolean operands [-Wbitwise-instead-of-logical]
esf_mst_sum_vector.cpp:411:23: warning: use of bitwise '|' with boolean operands [-Wbitwise-instead-of-logical]
esf_mst_sum_vector.cpp:414:23: warning: use of bitwise '|' with boolean operands [-Wbitwise-instead-of-logical]
esf_mst_sum_vector.cpp:462:59: warning: use of bitwise '|' with boolean operands [-Wbitwise-instead-of-logical]
Flavors: r-devel-linux-x86_64-debian-clang, r-devel-linux-x86_64-fedora-clang