Last updated on 2022-04-24 03:52:40 CEST.
Flavor | Version | Tinstall | Tcheck | Ttotal | Status | Flags |
---|---|---|---|---|---|---|
r-devel-linux-x86_64-debian-clang | 1.0-2 | 2.76 | 29.91 | 32.67 | OK | |
r-devel-linux-x86_64-debian-gcc | 1.0-2 | 2.03 | 22.65 | 24.68 | OK | |
r-devel-linux-x86_64-fedora-clang | 1.0-2 | 39.71 | NOTE | |||
r-devel-linux-x86_64-fedora-gcc | 1.0-2 | 28.49 | NOTE | |||
r-patched-linux-x86_64 | 1.0-2 | 2.65 | 17.41 | 20.06 | OK | |
r-release-linux-x86_64 | 1.0-2 | 2.21 | 27.66 | 29.87 | OK | |
r-release-macos-arm64 | 1.0-2 | OK | ||||
r-release-macos-x86_64 | 1.0-2 | OK | ||||
r-release-windows-x86_64 | 1.0-2 | 14.00 | 45.00 | 59.00 | OK | |
r-oldrel-macos-arm64 | 1.0-2 | OK | ||||
r-oldrel-macos-x86_64 | 1.0-2 | OK | ||||
r-oldrel-windows-ix86+x86_64 | 1.0-2 | 8.00 | 33.00 | 41.00 | OK |
Version: 1.0-2
Check: compiled code
Result: NOTE
File ‘tmvnsim/libs/tmvnsim.so’:
Found no calls to: ‘R_registerRoutines’, ‘R_useDynamicSymbols’
It is good practice to register native routines and to disable symbol
search.
See ‘Writing portable packages’ in the ‘Writing R Extensions’ manual.
Flavors: r-devel-linux-x86_64-fedora-clang, r-devel-linux-x86_64-fedora-gcc