Last updated on 2022-04-24 03:52:40 CEST.
Flavor | Version | Tinstall | Tcheck | Ttotal | Status | Flags |
---|---|---|---|---|---|---|
r-devel-linux-x86_64-debian-clang | 1.3-0.0 | 2.73 | 41.63 | 44.36 | OK | |
r-devel-linux-x86_64-debian-gcc | 1.3-0.0 | 2.24 | 32.66 | 34.90 | OK | |
r-devel-linux-x86_64-fedora-clang | 1.3-0.0 | 55.33 | OK | |||
r-devel-linux-x86_64-fedora-gcc | 1.3-0.0 | 43.17 | OK | |||
r-patched-linux-x86_64 | 1.3-0.0 | 2.89 | 39.82 | 42.71 | OK | |
r-release-linux-x86_64 | 1.3-0.0 | 2.77 | 38.91 | 41.68 | OK | |
r-release-macos-arm64 | 1.3-0.0 | OK | ||||
r-release-macos-x86_64 | 1.3-0.0 | WARN | ||||
r-release-windows-x86_64 | 1.3-0.0 | 15.00 | 60.00 | 75.00 | OK | |
r-oldrel-macos-arm64 | 1.3-0.0 | OK | ||||
r-oldrel-macos-x86_64 | 1.3-0.0 | WARN | ||||
r-oldrel-windows-ix86+x86_64 | 1.3-0.0 | 7.00 | 50.00 | 57.00 | OK |
Version: 1.3-0.0
Check: re-building of vignette outputs
Result: WARN
Error(s) in re-building vignettes:
...
--- re-building ‘toOrdinal.Rmd’ using rmarkdown
Pandoc is required to build R Markdown vignettes but not available. Please make sure it is installed.
Quitting from lines 13-26 (toOrdinal.Rmd)
Error: processing vignette 'toOrdinal.Rmd' failed with diagnostics:
argument is of length zero
--- failed re-building ‘toOrdinal.Rmd’
SUMMARY: processing the following file failed:
‘toOrdinal.Rmd’
Error: Vignette re-building failed.
Execution halted
Flavors: r-release-macos-x86_64, r-oldrel-macos-x86_64