Last updated on 2022-04-24 03:52:40 CEST.
Flavor | Version | Tinstall | Tcheck | Ttotal | Status | Flags |
---|---|---|---|---|---|---|
r-devel-linux-x86_64-debian-clang | 0.1.0 | 126.76 | 39.03 | 165.79 | OK | |
r-devel-linux-x86_64-debian-gcc | 0.1.0 | 99.85 | 31.06 | 130.91 | OK | |
r-devel-linux-x86_64-fedora-clang | 0.1.0 | 242.00 | OK | |||
r-devel-linux-x86_64-fedora-gcc | 0.1.0 | 207.00 | OK | |||
r-patched-linux-x86_64 | 0.1.0 | 102.14 | 36.73 | 138.87 | OK | |
r-release-linux-x86_64 | 0.1.0 | 101.86 | 37.29 | 139.15 | OK | |
r-release-macos-arm64 | 0.1.0 | NOTE | ||||
r-release-macos-x86_64 | 0.1.0 | NOTE | ||||
r-release-windows-x86_64 | 0.1.0 | 103.00 | 84.00 | 187.00 | OK | |
r-oldrel-macos-arm64 | 0.1.0 | NOTE | ||||
r-oldrel-macos-x86_64 | 0.1.0 | NOTE | ||||
r-oldrel-windows-ix86+x86_64 | 0.1.0 | 266.00 | 64.00 | 330.00 | OK |
Version: 0.1.0
Check: installed package size
Result: NOTE
installed size is 7.2Mb
sub-directories of 1Mb or more:
libs 6.3Mb
Flavors: r-release-macos-arm64, r-release-macos-x86_64, r-oldrel-macos-arm64, r-oldrel-macos-x86_64