Last updated on 2022-04-24 03:52:40 CEST.
Flavor | Version | Tinstall | Tcheck | Ttotal | Status | Flags |
---|---|---|---|---|---|---|
r-devel-linux-x86_64-debian-clang | 0.2.1 | 28.22 | 52.65 | 80.87 | OK | |
r-devel-linux-x86_64-debian-gcc | 0.2.1 | 23.25 | 40.84 | 64.09 | OK | |
r-devel-linux-x86_64-fedora-clang | 0.2.1 | 112.51 | NOTE | |||
r-devel-linux-x86_64-fedora-gcc | 0.2.1 | 90.35 | NOTE | |||
r-patched-linux-x86_64 | 0.2.1 | 25.95 | 49.75 | 75.70 | OK | |
r-release-linux-x86_64 | 0.2.1 | 26.32 | 49.14 | 75.46 | OK | |
r-release-macos-arm64 | 0.2.1 | NOTE | ||||
r-release-macos-x86_64 | 0.2.1 | NOTE | ||||
r-release-windows-x86_64 | 0.2.1 | 43.00 | 95.00 | 138.00 | OK | |
r-oldrel-macos-arm64 | 0.2.1 | NOTE | ||||
r-oldrel-macos-x86_64 | 0.2.1 | NOTE | ||||
r-oldrel-windows-ix86+x86_64 | 0.2.1 | 69.00 | 93.00 | 162.00 | OK |
Version: 0.2.1
Check: data for non-ASCII characters
Result: NOTE
Note: found 1 marked UTF-8 string
Flavors: r-devel-linux-x86_64-fedora-clang, r-devel-linux-x86_64-fedora-gcc, r-release-macos-arm64, r-release-macos-x86_64, r-oldrel-macos-arm64, r-oldrel-macos-x86_64