Last updated on 2022-04-24 03:52:40 CEST.
Flavor | Version | Tinstall | Tcheck | Ttotal | Status | Flags |
---|---|---|---|---|---|---|
r-devel-linux-x86_64-debian-clang | 1.0.1 | 2.14 | 36.84 | 38.98 | OK | |
r-devel-linux-x86_64-debian-gcc | 1.0.1 | 2.16 | 28.28 | 30.44 | OK | |
r-devel-linux-x86_64-fedora-clang | 1.0.1 | 48.09 | NOTE | |||
r-devel-linux-x86_64-fedora-gcc | 1.0.1 | 36.16 | NOTE | |||
r-patched-linux-x86_64 | 1.0.1 | 2.04 | 34.87 | 36.91 | OK | |
r-release-linux-x86_64 | 1.0.1 | 2.01 | 34.17 | 36.18 | OK | |
r-release-macos-arm64 | 1.0.1 | NOTE | ||||
r-release-macos-x86_64 | 1.0.1 | NOTE | ||||
r-release-windows-x86_64 | 1.0.1 | 16.00 | 54.00 | 70.00 | OK | |
r-oldrel-macos-arm64 | 1.0.1 | NOTE | ||||
r-oldrel-macos-x86_64 | 1.0.1 | NOTE | ||||
r-oldrel-windows-ix86+x86_64 | 1.0.1 | 7.00 | 43.00 | 50.00 | OK |
Version: 1.0.1
Check: dependencies in R code
Result: NOTE
Namespace in Imports field not imported from: ‘testthat’
All declared Imports should be used.
Flavors: r-devel-linux-x86_64-fedora-clang, r-devel-linux-x86_64-fedora-gcc, r-release-macos-arm64, r-release-macos-x86_64, r-oldrel-macos-arm64, r-oldrel-macos-x86_64