Last updated on 2022-04-24 03:52:40 CEST.
Flavor | Version | Tinstall | Tcheck | Ttotal | Status | Flags |
---|---|---|---|---|---|---|
r-devel-linux-x86_64-debian-clang | 0.3.3 | 10.20 | 204.96 | 215.16 | OK | |
r-devel-linux-x86_64-debian-gcc | 0.3.3 | 8.08 | 149.27 | 157.35 | OK | |
r-devel-linux-x86_64-fedora-clang | 0.3.3 | 236.50 | NOTE | |||
r-devel-linux-x86_64-fedora-gcc | 0.3.3 | 229.86 | NOTE | |||
r-patched-linux-x86_64 | 0.3.3 | 8.36 | 192.27 | 200.63 | OK | |
r-release-linux-x86_64 | 0.3.3 | 7.85 | 186.73 | 194.58 | OK | |
r-release-macos-arm64 | 0.3.3 | NOTE | ||||
r-release-macos-x86_64 | 0.3.3 | NOTE | ||||
r-release-windows-x86_64 | 0.3.3 | 45.00 | 219.00 | 264.00 | OK | |
r-oldrel-macos-arm64 | 0.3.3 | NOTE | ||||
r-oldrel-macos-x86_64 | 0.3.3 | NOTE | ||||
r-oldrel-windows-ix86+x86_64 | 0.3.3 | 24.00 | 242.00 | 266.00 | OK |
Version: 0.3.3
Check: dependencies in R code
Result: NOTE
Namespace in Imports field not imported from: ‘PROJ’
All declared Imports should be used.
Flavors: r-devel-linux-x86_64-fedora-clang, r-devel-linux-x86_64-fedora-gcc, r-release-macos-arm64, r-release-macos-x86_64, r-oldrel-macos-arm64, r-oldrel-macos-x86_64
Version: 0.3.3
Check: data for non-ASCII characters
Result: NOTE
Note: found 160 marked UTF-8 strings
Flavors: r-devel-linux-x86_64-fedora-clang, r-devel-linux-x86_64-fedora-gcc, r-release-macos-arm64, r-release-macos-x86_64, r-oldrel-macos-arm64, r-oldrel-macos-x86_64