Last updated on 2022-04-24 03:52:40 CEST.
Flavor | Version | Tinstall | Tcheck | Ttotal | Status | Flags |
---|---|---|---|---|---|---|
r-devel-linux-x86_64-debian-clang | 0.1.0 | 4.07 | 122.64 | 126.71 | NOTE | |
r-devel-linux-x86_64-debian-gcc | 0.1.0 | 2.99 | 84.06 | 87.05 | NOTE | |
r-devel-linux-x86_64-fedora-clang | 0.1.0 | 153.42 | NOTE | |||
r-devel-linux-x86_64-fedora-gcc | 0.1.0 | 148.15 | NOTE | |||
r-patched-linux-x86_64 | 0.1.0 | 3.76 | 121.95 | 125.71 | NOTE | |
r-release-linux-x86_64 | 0.1.0 | 2.92 | 123.28 | 126.20 | NOTE | |
r-release-macos-arm64 | 0.1.0 | NOTE | ||||
r-release-macos-x86_64 | 0.1.0 | NOTE | ||||
r-release-windows-x86_64 | 0.1.0 | 20.00 | 170.00 | 190.00 | NOTE | |
r-oldrel-macos-arm64 | 0.1.0 | NOTE | ||||
r-oldrel-macos-x86_64 | 0.1.0 | NOTE | ||||
r-oldrel-windows-ix86+x86_64 | 0.1.0 | 10.00 | 186.00 | 196.00 | NOTE |
Version: 0.1.0
Check: LazyData
Result: NOTE
'LazyData' is specified without a 'data' directory
Flavors: r-devel-linux-x86_64-debian-clang, r-devel-linux-x86_64-debian-gcc, r-devel-linux-x86_64-fedora-clang, r-devel-linux-x86_64-fedora-gcc, r-patched-linux-x86_64, r-release-linux-x86_64, r-release-macos-arm64, r-release-macos-x86_64, r-release-windows-x86_64, r-oldrel-macos-arm64, r-oldrel-macos-x86_64, r-oldrel-windows-ix86+x86_64
Version: 0.1.0
Check: Rd cross-references
Result: NOTE
Undeclared package ‘stm’ in Rd xrefs
Flavor: r-devel-linux-x86_64-fedora-clang