Last updated on 2022-04-24 03:52:40 CEST.
Flavor | Version | Tinstall | Tcheck | Ttotal | Status | Flags |
---|---|---|---|---|---|---|
r-devel-linux-x86_64-debian-clang | 0.2-12 | 17.21 | 149.71 | 166.92 | NOTE | |
r-devel-linux-x86_64-debian-gcc | 0.2-12 | 12.27 | 111.68 | 123.95 | NOTE | |
r-devel-linux-x86_64-fedora-clang | 0.2-12 | 203.25 | NOTE | |||
r-devel-linux-x86_64-fedora-gcc | 0.2-12 | 187.33 | NOTE | |||
r-patched-linux-x86_64 | 0.2-12 | 15.40 | 147.88 | 163.28 | NOTE | |
r-release-linux-x86_64 | 0.2-12 | 14.89 | 136.37 | 151.26 | NOTE | |
r-release-macos-arm64 | 0.2-12 | NOTE | ||||
r-release-macos-x86_64 | 0.2-12 | NOTE | ||||
r-release-windows-x86_64 | 0.2-12 | 62.00 | 246.00 | 308.00 | NOTE | |
r-oldrel-macos-arm64 | 0.2-12 | NOTE | ||||
r-oldrel-macos-x86_64 | 0.2-12 | NOTE | ||||
r-oldrel-windows-ix86+x86_64 | 0.2-12 | 39.00 | 232.00 | 271.00 | NOTE |
Version: 0.2-12
Check: package dependencies
Result: NOTE
Package suggested but not available for checking: 'corpus.JSS.papers'
Flavors: r-devel-linux-x86_64-debian-clang, r-devel-linux-x86_64-debian-gcc, r-devel-linux-x86_64-fedora-clang, r-devel-linux-x86_64-fedora-gcc, r-patched-linux-x86_64, r-release-linux-x86_64, r-release-macos-arm64, r-release-macos-x86_64, r-release-windows-x86_64, r-oldrel-macos-arm64, r-oldrel-macos-x86_64, r-oldrel-windows-ix86+x86_64