Last updated on 2022-04-24 03:52:40 CEST.
| Flavor | Version | Tinstall | Tcheck | Ttotal | Status | Flags | 
|---|---|---|---|---|---|---|
| r-devel-linux-x86_64-debian-clang | 1.0.1 | 35.62 | 422.43 | 458.05 | OK | |
| r-devel-linux-x86_64-debian-gcc | 1.0.1 | 31.38 | 305.47 | 336.85 | OK | |
| r-devel-linux-x86_64-fedora-clang | 1.0.1 | 556.87 | NOTE | |||
| r-devel-linux-x86_64-fedora-gcc | 1.0.1 | 538.38 | NOTE | |||
| r-patched-linux-x86_64 | 1.0.1 | 30.04 | 406.66 | 436.70 | OK | |
| r-release-linux-x86_64 | 1.0.1 | 22.76 | 370.56 | 393.32 | OK | |
| r-release-macos-arm64 | 1.0.1 | NOTE | ||||
| r-release-macos-x86_64 | 1.0.1 | NOTE | ||||
| r-release-windows-x86_64 | 1.0.1 | 44.00 | 398.00 | 442.00 | OK | |
| r-oldrel-macos-arm64 | 1.0.1 | NOTE | ||||
| r-oldrel-macos-x86_64 | 1.0.1 | NOTE | ||||
| r-oldrel-windows-ix86+x86_64 | 1.0.1 | 80.00 | 404.00 | 484.00 | OK | 
Version: 1.0.1
Check: dependencies in R code
Result: NOTE
    Namespace in Imports field not imported from: ‘igraph’
      All declared Imports should be used.
Flavors: r-devel-linux-x86_64-fedora-clang, r-devel-linux-x86_64-fedora-gcc, r-release-macos-arm64, r-release-macos-x86_64, r-oldrel-macos-arm64, r-oldrel-macos-x86_64