Last updated on 2022-04-24 03:52:40 CEST.
Flavor | Version | Tinstall | Tcheck | Ttotal | Status | Flags |
---|---|---|---|---|---|---|
r-devel-linux-x86_64-debian-clang | 1.4.7 | 61.34 | 509.59 | 570.93 | OK | |
r-devel-linux-x86_64-debian-gcc | 1.4.7 | 51.91 | 372.71 | 424.62 | OK | |
r-devel-linux-x86_64-fedora-clang | 1.4.7 | 719.79 | OK | |||
r-devel-linux-x86_64-fedora-gcc | 1.4.7 | 691.54 | OK | |||
r-patched-linux-x86_64 | 1.4.7 | 53.21 | 466.47 | 519.68 | OK | |
r-release-linux-x86_64 | 1.4.7 | 36.12 | 427.56 | 463.68 | OK | |
r-release-macos-arm64 | 1.4.7 | OK | ||||
r-release-macos-x86_64 | 1.4.7 | ERROR | ||||
r-release-windows-x86_64 | 1.4.7 | 68.00 | 458.00 | 526.00 | OK | |
r-oldrel-macos-arm64 | 1.4.7 | OK | ||||
r-oldrel-macos-x86_64 | 1.4.7 | ERROR | ||||
r-oldrel-windows-ix86+x86_64 | 1.4.7 | 113.00 | 455.00 | 568.00 | OK |
Version: 1.4.7
Check: package dependencies
Result: ERROR
Package required but not available: ‘qpgraph’
See section ‘The DESCRIPTION file’ in the ‘Writing R Extensions’
manual.
Flavors: r-release-macos-x86_64, r-oldrel-macos-x86_64