Last updated on 2022-04-24 03:52:40 CEST.
Flavor | Version | Tinstall | Tcheck | Ttotal | Status | Flags |
---|---|---|---|---|---|---|
r-devel-linux-x86_64-debian-clang | 0.7.2 | 889.21 | 237.93 | 1127.14 | OK | |
r-devel-linux-x86_64-debian-gcc | 0.7.2 | 827.95 | 178.35 | 1006.30 | OK | |
r-devel-linux-x86_64-fedora-clang | 0.7.2 | 1552.72 | NOTE | |||
r-devel-linux-x86_64-fedora-gcc | 0.7.2 | 1746.26 | OK | |||
r-patched-linux-x86_64 | 0.7.2 | 865.42 | 226.25 | 1091.67 | OK | |
r-release-linux-x86_64 | 0.7.2 | 859.77 | 233.01 | 1092.78 | OK | |
r-release-macos-arm64 | 0.7.2 | NOTE | ||||
r-release-macos-x86_64 | 0.7.2 | NOTE | ||||
r-release-windows-x86_64 | 0.7.2 | 1517.00 | 517.00 | 2034.00 | NOTE | |
r-oldrel-macos-arm64 | 0.7.2 | NOTE | ||||
r-oldrel-macos-x86_64 | 0.7.2 | NOTE | ||||
r-oldrel-windows-ix86+x86_64 | 0.7.2 | 1856.00 | 520.00 | 2376.00 | NOTE |
Version: 0.7.2
Check: installed package size
Result: NOTE
installed size is 98.1Mb
sub-directories of 1Mb or more:
R 4.8Mb
help 1.6Mb
include 1.3Mb
libs 89.8Mb
Flavors: r-devel-linux-x86_64-fedora-clang, r-release-macos-arm64, r-release-macos-x86_64, r-release-windows-x86_64, r-oldrel-macos-arm64, r-oldrel-macos-x86_64, r-oldrel-windows-ix86+x86_64