Last updated on 2022-04-24 03:52:40 CEST.
Flavor | Version | Tinstall | Tcheck | Ttotal | Status | Flags |
---|---|---|---|---|---|---|
r-devel-linux-x86_64-debian-clang | 0.2.0 | 33.59 | 70.97 | 104.56 | OK | |
r-devel-linux-x86_64-debian-gcc | 0.2.0 | 28.26 | 53.47 | 81.73 | OK | |
r-devel-linux-x86_64-fedora-clang | 0.2.0 | 143.02 | NOTE | |||
r-devel-linux-x86_64-fedora-gcc | 0.2.0 | 120.36 | NOTE | |||
r-patched-linux-x86_64 | 0.2.0 | 30.36 | 67.49 | 97.85 | OK | |
r-release-linux-x86_64 | 0.2.0 | 27.52 | 65.22 | 92.74 | OK | |
r-release-macos-arm64 | 0.2.0 | NOTE | ||||
r-release-macos-x86_64 | 0.2.0 | NOTE | ||||
r-release-windows-x86_64 | 0.2.0 | 156.00 | 113.00 | 269.00 | OK | |
r-oldrel-macos-arm64 | 0.2.0 | NOTE | ||||
r-oldrel-macos-x86_64 | 0.2.0 | NOTE | ||||
r-oldrel-windows-ix86+x86_64 | 0.2.0 | 83.00 | 107.00 | 190.00 | OK |
Version: 0.2.0
Check: dependencies in R code
Result: NOTE
Namespaces in Imports field not imported from:
‘rappdirs’ ‘withr’
All declared Imports should be used.
Flavors: r-devel-linux-x86_64-fedora-clang, r-devel-linux-x86_64-fedora-gcc, r-release-macos-arm64, r-release-macos-x86_64, r-oldrel-macos-arm64, r-oldrel-macos-x86_64