Last updated on 2022-04-24 03:52:40 CEST.
Flavor | Version | Tinstall | Tcheck | Ttotal | Status | Flags |
---|---|---|---|---|---|---|
r-devel-linux-x86_64-debian-clang | 0.1.0 | 4.18 | 43.06 | 47.24 | OK | |
r-devel-linux-x86_64-debian-gcc | 0.1.0 | 3.38 | 33.04 | 36.42 | OK | |
r-devel-linux-x86_64-fedora-clang | 0.1.0 | 56.43 | NOTE | |||
r-devel-linux-x86_64-fedora-gcc | 0.1.0 | 44.57 | NOTE | |||
r-patched-linux-x86_64 | 0.1.0 | 4.28 | 40.80 | 45.08 | OK | |
r-release-linux-x86_64 | 0.1.0 | 3.07 | 40.20 | 43.27 | OK | |
r-release-macos-arm64 | 0.1.0 | NOTE | ||||
r-release-macos-x86_64 | 0.1.0 | NOTE | ||||
r-release-windows-x86_64 | 0.1.0 | 25.00 | 65.00 | 90.00 | OK | |
r-oldrel-macos-arm64 | 0.1.0 | NOTE | ||||
r-oldrel-macos-x86_64 | 0.1.0 | NOTE | ||||
r-oldrel-windows-ix86+x86_64 | 0.1.0 | 9.00 | 48.00 | 57.00 | OK |
Version: 0.1.0
Check: dependencies in R code
Result: NOTE
Namespaces in Imports field not imported from:
‘stringr’ ‘torch’ ‘torchvision’ ‘zip’
All declared Imports should be used.
Flavors: r-devel-linux-x86_64-fedora-clang, r-devel-linux-x86_64-fedora-gcc, r-release-macos-arm64, r-release-macos-x86_64, r-oldrel-macos-arm64, r-oldrel-macos-x86_64