Last updated on 2022-04-24 03:52:40 CEST.
Flavor | Version | Tinstall | Tcheck | Ttotal | Status | Flags |
---|---|---|---|---|---|---|
r-devel-linux-x86_64-debian-clang | 1.0 | 1.33 | 29.68 | 31.01 | NOTE | |
r-devel-linux-x86_64-debian-gcc | 1.0 | 1.66 | 23.33 | 24.99 | NOTE | |
r-devel-linux-x86_64-fedora-clang | 1.0 | 39.54 | NOTE | |||
r-devel-linux-x86_64-fedora-gcc | 1.0 | 27.98 | NOTE | |||
r-patched-linux-x86_64 | 1.0 | 2.01 | 29.14 | 31.15 | NOTE | |
r-release-linux-x86_64 | 1.0 | 1.69 | 28.51 | 30.20 | NOTE | |
r-release-macos-arm64 | 1.0 | NOTE | ||||
r-release-macos-x86_64 | 1.0 | NOTE | ||||
r-release-windows-x86_64 | 1.0 | 9.00 | 45.00 | 54.00 | NOTE | |
r-oldrel-macos-arm64 | 1.0 | NOTE | ||||
r-oldrel-macos-x86_64 | 1.0 | NOTE | ||||
r-oldrel-windows-ix86+x86_64 | 1.0 | 4.00 | 28.00 | 32.00 | NOTE |
Version: 1.0
Check: DESCRIPTION meta-information
Result: NOTE
Malformed Description field: should contain one or more complete sentences.
Flavors: r-devel-linux-x86_64-debian-clang, r-devel-linux-x86_64-debian-gcc, r-devel-linux-x86_64-fedora-clang, r-devel-linux-x86_64-fedora-gcc, r-patched-linux-x86_64, r-release-linux-x86_64, r-release-macos-arm64, r-release-macos-x86_64, r-release-windows-x86_64, r-oldrel-macos-arm64, r-oldrel-macos-x86_64, r-oldrel-windows-ix86+x86_64
Version: 1.0
Check: R code for possible problems
Result: NOTE
Tosls.formula: no visible global function definition for 'model.matrix'
Tosls.formula: no visible global function definition for
'model.response'
summary: no visible global function definition for 'coef'
summary: no visible global function definition for 'pt'
Undefined global functions or variables:
coef model.matrix model.response pt
Consider adding
importFrom("stats", "coef", "model.matrix", "model.response", "pt")
to your NAMESPACE file.
Flavors: r-devel-linux-x86_64-debian-clang, r-devel-linux-x86_64-debian-gcc, r-devel-linux-x86_64-fedora-clang, r-devel-linux-x86_64-fedora-gcc, r-patched-linux-x86_64, r-release-linux-x86_64, r-release-macos-arm64, r-release-macos-x86_64, r-release-windows-x86_64, r-oldrel-macos-arm64, r-oldrel-macos-x86_64, r-oldrel-windows-ix86+x86_64