Last updated on 2022-04-24 03:52:40 CEST.
| Flavor | Version | Tinstall | Tcheck | Ttotal | Status | Flags | 
|---|---|---|---|---|---|---|
| r-devel-linux-x86_64-debian-clang | 0.6.6 | 20.10 | 78.62 | 98.72 | OK | |
| r-devel-linux-x86_64-debian-gcc | 0.6.6 | 16.21 | 58.97 | 75.18 | OK | |
| r-devel-linux-x86_64-fedora-clang | 0.6.6 | 116.79 | NOTE | |||
| r-devel-linux-x86_64-fedora-gcc | 0.6.6 | 102.99 | NOTE | |||
| r-patched-linux-x86_64 | 0.6.6 | 17.57 | 72.27 | 89.84 | OK | |
| r-release-linux-x86_64 | 0.6.6 | 12.24 | 71.28 | 83.52 | OK | |
| r-release-macos-arm64 | 0.6.6 | NOTE | ||||
| r-release-macos-x86_64 | 0.6.6 | NOTE | ||||
| r-release-windows-x86_64 | 0.6.6 | 99.00 | 90.00 | 189.00 | OK | |
| r-oldrel-macos-arm64 | 0.6.6 | NOTE | ||||
| r-oldrel-macos-x86_64 | 0.6.6 | NOTE | ||||
| r-oldrel-windows-ix86+x86_64 | 0.6.6 | 28.00 | 92.00 | 120.00 | OK | 
Version: 0.6.6
Check: data for non-ASCII characters
Result: NOTE
      Note: found 100 marked Latin-1 strings
      Note: found 548 marked UTF-8 strings
Flavors: r-devel-linux-x86_64-fedora-clang, r-devel-linux-x86_64-fedora-gcc, r-release-macos-arm64, r-release-macos-x86_64, r-oldrel-macos-arm64, r-oldrel-macos-x86_64
Version: 0.6.6
Check: installed package size
Result: NOTE
      installed size is  5.2Mb
      sub-directories of 1Mb or more:
        data   4.8Mb
Flavors: r-release-macos-arm64, r-oldrel-macos-arm64