Last updated on 2022-04-24 03:52:40 CEST.
Flavor | Version | Tinstall | Tcheck | Ttotal | Status | Flags |
---|---|---|---|---|---|---|
r-devel-linux-x86_64-debian-clang | 2.0.1 | 3.61 | 55.52 | 59.13 | OK | |
r-devel-linux-x86_64-debian-gcc | 2.0.1 | 3.48 | 41.02 | 44.50 | OK | |
r-devel-linux-x86_64-fedora-clang | 2.0.1 | 70.67 | NOTE | |||
r-devel-linux-x86_64-fedora-gcc | 2.0.1 | 58.47 | OK | |||
r-patched-linux-x86_64 | 2.0.1 | 5.05 | 52.94 | 57.99 | OK | |
r-release-linux-x86_64 | 2.0.1 | 4.57 | 51.11 | 55.68 | OK | |
r-release-macos-arm64 | 2.0.1 | OK | ||||
r-release-macos-x86_64 | 2.0.1 | OK | ||||
r-release-windows-x86_64 | 2.0.1 | 33.00 | 72.00 | 105.00 | OK | |
r-oldrel-macos-arm64 | 2.0.1 | OK | ||||
r-oldrel-macos-x86_64 | 2.0.1 | OK | ||||
r-oldrel-windows-ix86+x86_64 | 2.0.1 | 8.00 | 61.00 | 69.00 | OK |
Version: 2.0.1
Check: Rd cross-references
Result: NOTE
Undeclared package ‘vcd’ in Rd xrefs
Flavor: r-devel-linux-x86_64-fedora-clang