Last updated on 2022-04-24 03:52:40 CEST.
Flavor | Version | Tinstall | Tcheck | Ttotal | Status | Flags |
---|---|---|---|---|---|---|
r-devel-linux-x86_64-debian-clang | 0.6.0 | 7.23 | 96.51 | 103.74 | OK | |
r-devel-linux-x86_64-debian-gcc | 0.6.0 | 4.53 | 71.70 | 76.23 | OK | |
r-devel-linux-x86_64-fedora-clang | 0.6.0 | 122.15 | NOTE | |||
r-devel-linux-x86_64-fedora-gcc | 0.6.0 | 117.15 | NOTE | |||
r-patched-linux-x86_64 | 0.6.0 | 7.51 | 90.06 | 97.57 | OK | |
r-release-linux-x86_64 | 0.6.0 | 4.74 | 90.79 | 95.53 | OK | |
r-release-macos-arm64 | 0.6.0 | NOTE | ||||
r-release-macos-x86_64 | 0.6.0 | NOTE | ||||
r-release-windows-x86_64 | 0.6.0 | 56.00 | 140.00 | 196.00 | OK | |
r-oldrel-macos-arm64 | 0.6.0 | NOTE | ||||
r-oldrel-macos-x86_64 | 0.6.0 | NOTE | ||||
r-oldrel-windows-ix86+x86_64 | 0.6.0 | 11.00 | 127.00 | 138.00 | OK |
Version: 0.6.0
Check: dependencies in R code
Result: NOTE
Namespace in Imports field not imported from: ‘tibble’
All declared Imports should be used.
Flavors: r-devel-linux-x86_64-fedora-clang, r-devel-linux-x86_64-fedora-gcc, r-release-macos-arm64, r-release-macos-x86_64, r-oldrel-macos-arm64, r-oldrel-macos-x86_64