Last updated on 2022-04-24 03:52:40 CEST.
Flavor | Version | Tinstall | Tcheck | Ttotal | Status | Flags |
---|---|---|---|---|---|---|
r-devel-linux-x86_64-debian-clang | 1.2.0 | 19.29 | 203.99 | 223.28 | NOTE | |
r-devel-linux-x86_64-debian-gcc | 1.2.0 | 14.18 | 146.85 | 161.03 | NOTE | |
r-devel-linux-x86_64-fedora-clang | 1.2.0 | 262.65 | NOTE | |||
r-devel-linux-x86_64-fedora-gcc | 1.2.0 | 243.37 | NOTE | |||
r-patched-linux-x86_64 | 1.2.0 | 15.17 | 188.87 | 204.04 | NOTE | |
r-release-linux-x86_64 | 1.2.0 | 16.66 | 183.98 | 200.64 | NOTE | |
r-release-macos-arm64 | 1.2.0 | NOTE | ||||
r-release-macos-x86_64 | 1.2.0 | NOTE | ||||
r-release-windows-x86_64 | 1.2.0 | 43.00 | 244.00 | 287.00 | NOTE | |
r-oldrel-macos-arm64 | 1.2.0 | NOTE | ||||
r-oldrel-macos-x86_64 | 1.2.0 | NOTE | ||||
r-oldrel-windows-ix86+x86_64 | 1.2.0 | 35.00 | 223.00 | 258.00 | NOTE |
Version: 1.2.0
Check: LazyData
Result: NOTE
'LazyData' is specified without a 'data' directory
Flavors: r-devel-linux-x86_64-debian-clang, r-devel-linux-x86_64-debian-gcc, r-devel-linux-x86_64-fedora-clang, r-devel-linux-x86_64-fedora-gcc, r-patched-linux-x86_64, r-release-linux-x86_64, r-release-macos-arm64, r-release-macos-x86_64, r-release-windows-x86_64, r-oldrel-macos-arm64, r-oldrel-macos-x86_64, r-oldrel-windows-ix86+x86_64