Last updated on 2022-04-24 03:52:40 CEST.
Flavor | Version | Tinstall | Tcheck | Ttotal | Status | Flags |
---|---|---|---|---|---|---|
r-devel-linux-x86_64-debian-clang | 0.0.1 | 2.70 | 38.37 | 41.07 | OK | |
r-devel-linux-x86_64-debian-gcc | 0.0.1 | 2.09 | 29.70 | 31.79 | OK | |
r-devel-linux-x86_64-fedora-clang | 0.0.1 | 50.59 | NOTE | |||
r-devel-linux-x86_64-fedora-gcc | 0.0.1 | 38.48 | NOTE | |||
r-patched-linux-x86_64 | 0.0.1 | 2.14 | 37.23 | 39.37 | OK | |
r-release-linux-x86_64 | 0.0.1 | 1.80 | 36.06 | 37.86 | OK | |
r-release-macos-arm64 | 0.0.1 | NOTE | ||||
r-release-macos-x86_64 | 0.0.1 | NOTE | ||||
r-release-windows-x86_64 | 0.0.1 | 11.00 | 58.00 | 69.00 | OK | |
r-oldrel-macos-arm64 | 0.0.1 | NOTE | ||||
r-oldrel-macos-x86_64 | 0.0.1 | NOTE | ||||
r-oldrel-windows-ix86+x86_64 | 0.0.1 | 7.00 | 48.00 | 55.00 | OK |
Version: 0.0.1
Check: dependencies in R code
Result: NOTE
Namespace in Imports field not imported from: ‘knitr’
All declared Imports should be used.
Flavors: r-devel-linux-x86_64-fedora-clang, r-devel-linux-x86_64-fedora-gcc, r-release-macos-arm64, r-release-macos-x86_64, r-oldrel-macos-arm64, r-oldrel-macos-x86_64